 by 84.
83
What is the remainder when 244 is divided by 1/((5 - 4)/(4 + 120))?
120
Suppose -24*d + 20*d = -2*t - 442, -4 = 4*t. What is the remainder when d is divided by 3?
2
Let w(a) = 2*a**3 - 113*a + 138. What is the remainder when 385 is divided by w(7)?
22
Suppose -29*b + 1286 = 13437. Let n = -337 - b. Calculate the remainder when n is divided by 21.
19
Let t = -117 + 168. Let z(p) = 421*p - 16740. Calculate the remainder when z(40) is divided by t.
49
Let j(w) = w**3 - 8*w**2 - 17*w + 115. Calculate the remainder when 258 is divided by j(9).
0
Suppose -231*g + 924*g - 258092 - 230473 = 0. Calculate the remainder when 2151 is divided by g.
36
Suppose -40 = -3*u + 5*x, -2*u + 28 = -0*u - 4*x. Let w(j) = -7*j + 16. Let y be w(4). Calculate the remainder when (2 - (-68)/8)*(-32)/y is divided by u.
8
Let b be -2 + (2 - -3 - -3). Suppose -b*p + 45 = -p. Suppose -p*a - 3*a = -540. Calculate the remainder when a is divided by 16.
13
Let g = -45 + 33. Let d be (16/3)/((g/9)/(-2)). Suppose i + 3*o - 40 = 0, 0 = -i + 3*o + 30 - d. Calculate the remainder when 89 is divided by i.
27
Suppose 104 = 89*v - 85*v. Let q(k) = -k + 19. Let o be q(14). Suppose -5*f + 3*n = -51, 12 + o = 3*f + 5*n. Calculate the remainder when v is divided by f.
8
Suppose -2*b - 4*v - 135 = -5*b, -5*v + 26 = b. Suppose 0 = 56*r - 58*r + 406. Calculate the remainder when r is divided by b.
39
Suppose -121 = -z - 114, 3*h - 169 = 5*z. What is the remainder when 1136 is divided by h?
48
Let z = -1852 - -1869. Suppose 9*c - 14*c + 1520 = 0. What is the remainder when c is divided by z?
15
Let o be 6720/75*10/4. Let d = o + 268. What is the remainder when d is divided by 33?
30
Suppose -26*u + 1386 - 372 = 0. Suppose 5*k - 376 - 194 = 0. What is the remainder when k is divided by u?
36
Let s = -173 + 306. Suppose 2*t + s = 10*q - 7*q, 2*q = -4*t + 110. Calculate the remainder when q is divided by 5.
2
Let j = 25 + 17. Let h = -129 + 248. What is the remainder when h is divided by j?
35
Let w = 23415 + -17498. Calculate the remainder when w is divided by 22.
21
Let b = -54531 - -54589. Suppose 5*f + 845 = 5*h, 5*h + 4*f + 46 - 846 = 0. Calculate the remainder when h is divided by b.
48
Let y = 525 + -503. Suppose -i + 129 = -0*i. What is the remainder when i is divided by y?
19
Let w be (3/5)/((-8)/40). Let p(l) = -11*l - 14. Calculate the remainder when 72 is divided by p(w).
15
Let g(k) = -14*k + 3747. What is the remainder when g(-106) is divided by 12?
11
Suppose 5*h - 13 = -v, -4*v + 486*h + 74 = 495*h. Let q(w) = -w + 2. Calculate the remainder when v is divided by q(-2).
3
Suppose -863*i - 100 = -865*i. What is the remainder when 998 is divided by i?
48
Suppose -9*a + 5161 = -1175. Suppose 12*q - a = 4*q. Suppose x = 3*x - 60. What is the remainder when q is divided by x?
28
Let h = 33114 - 32962. What is the remainder when h is divided by (-4)/((-36)/(-21) + -2)?
12
Let b(c) be the first derivative of 19*c**2/2 + 2*c + 15. Let a be b(2). Suppose -5*q = -7*q + a. Calculate the remainder when 57 is divided by q.
17
Suppose -3*g = 8735 - 9125. What is the remainder when 471 is divided by g?
81
Let y(u) = -u**3 + 2*u**2 + 174*u - 34. Calculate the remainder when 2014 is divided by y(-14).
16
Suppose 669*f - 664*f - 2515 = 0. What is the remainder when 1523 is divided by f?
14
Let y = 863 + -825. Calculate the remainder when 3797 is divided by y.
35
Suppose -5*t - 43 = -2*q, -4*t - 18 = 2. Calculate the remainder when 86 is divided by 6/q - (-125)/15.
5
Let i(n) = 88*n - 1915. What is the remainder when 1476 is divided by i(22)?
6
Suppose -41*p = -2414 + 139 - 636. What is the remainder when p is divided by 55?
16
Suppose 5*f = 5*a + 39 + 216, -2*f + 194 = -4*a. Suppose -15*i - 376 = -7*i. Let j = a - i. What is the remainder when 1 is divided by j?
0
Let g = -24819 + 24995. What is the remainder when 5979 is divided by g?
171
Let b = -5606 - -5870. Calculate the remainder when 803 is divided by b.
11
Let f = -7709 - -7771. What is the remainder when 766 is divided by f?
22
Suppose -8*b + 19*b = -2310 + 3179. What is the remainder when 358 is divided by b?
42
Let m = -51 + 90. Suppose -70*s - 12983 = -207*s + 3594. What is the remainder when s is divided by m?
4
Let h be 22/(48/12 + 34/(-8)). Let q = h + 427. What is the remainder when q is divided by 34?
33
Suppose 26*r + 2831 = 7*r. Let n = r + 167. Calculate the remainder when 81 is divided by n.
9
Let q = -24 + 23. What is the remainder when 78 is divided by (-7 + 1 + (-6 - -3))*q?
6
Let d(q) = q**3 + q + 13. Suppose 5*y - t - 184 = 0, -2*t - 15 = 2*y - 79. Let x = y - 36. Calculate the remainder when d(x) is divided by 4.
1
Let d be (3/6)/((-2)/(-20)). Suppose -4*z = -d*p - 180 + 39, -4*z + 4*p + 144 = 0. Let h = 2312 - 2292. What is the remainder when z is divided by h?
19
Let t = -94 + 97. Suppose -5*i = t*o + o - 53, 0 = 2*o + 6. Suppose -i*d = 4*d - 204. What is the remainder when 141 is divided by d?
9
Let c(a) = -39*a**3 - 2*a - 1. Suppose 0 = -5*m - 4*y + 4, -y + 28 = 4*m - 4*y. Suppose 0 = -7*j + m*j - 3. What is the remainder when c(j) is divided by 14?
12
Suppose -10*n = -53 - 7. Let t be 16/24 - (-524)/n. Let u = t + -69. What is the remainder when u is divided by 10?
9
Suppose -8019 = -34*d + 3677. Let l = d - 335. Calculate the remainder when 142 is divided by l.
7
Suppose 0 = -7*v + 30 - 135. Let b(h) = -10*h - 137. What is the remainder when -3 + 2 + -1 - -92 is divided by b(v)?
12
Let t = 4379 + 825. Calculate the remainder when t is divided by 2601.
2
Suppose 83 + 457 = 20*m. Suppose -9*x = m - 351. Calculate the remainder when 65 is divided by x.
29
Let k(i) be the third derivative of i**4/24 + 10*i**3/3 + 18*i**2 - i. Calculate the remainder when k(11) is divided by 17.
14
What is the remainder when -4 + 1 + -2 + 125 + 470 is divided by 74?
72
Let a(s) = -2*s + 11. Let l be a(4). Suppose 2*z = -5*b + 778, 3*b + l*z = 5*b - 315. Suppose b - 4 = 8*v. What is the remainder when v is divided by 5?
4
Let r(q) = -2*q**3 - 211*q**2 - 112*q - 720. Calculate the remainder when (30/(-9))/(1/(-9)) is divided by r(-105).
0
Let z be (-2)/(-11) + 35/(-11). Suppose -64 = -3*i + 107. Calculate the remainder when i is divided by z*(3 + (-75)/9).
9
Let a(b) = 2*b**2 + 11*b + 31. What is the remainder when 2241 is divided by a(-4)?
18
Suppose -61*t = -48*t - 2613. What is the remainder when t is divided by 56?
33
Let a be 0/((-14)/(-6) - 2/6). Let m be (-16)/64 - (-4114)/8. Suppose a = 4*k - m + 66. What is the remainder when k is divided by 23?
20
Suppose 8 = -20*m - 232. Let d(l) = l**2 - 46. What is the remainder when d(m) is divided by 10?
8
Suppose 79002 = 42*k + 57*k. Calculate the remainder when k is divided by 239.
81
Let d(z) = -31*z + 25 - 10 + 29*z. Let p be (2 + -1)/(2/(-38)). What is the remainder when d(p) is divided by 7?
4
Let d(v) = v**3 + 40*v**2 + 308*v + 40. What is the remainder when d(-12) is divided by 102?
70
Suppose -3*d - 4*k = -86, 4*k = -2*d + k + 58. Let v = -67 + 167. Calculate the remainder when v is divided by d.
22
Let w(x) = 56*x**3 - 2*x**2 - 317*x + 638. Calculate the remainder when 1788 is divided by w(2).
12
Suppose 84*l - 57*l = -67*l + 21432. Calculate the remainder when l is divided by 26.
20
Let p(a) = a**3 + 5*a**2 + 3*a - 1. Let h be p(-4). Suppose 3*i = -b + 56, -3*b + 24 + 36 = h*i. What is the remainder when (-625)/(-7) - 2/7 is divided by i?
17
Suppose 5*f + v - 1759 - 1382 = 0, 0 = f - 5*v - 649. Let w = f - 510. What is the remainder when w is divided by 58?
3
Let r(q) = -4*q + 36. Let p(s) = s + 3. Let c(n) = 3*p(n) + r(n). Calculate the remainder when c(8) is divided by 5.
2
Suppose 0 = -236*d + 238*d - 52. Suppose 0 = 7*f - 3*f - 2052. Suppose -4*b + o = -b - 380, -4*b - 5*o = -f. Calculate the remainder when b is divided by d.
23
Suppose 7*x + 3*x = 2*x. Suppose -9*o + 59 + 139 = x. What is the remainder when 81 is divided by o?
15
Let a be 0 + (220/15)/(2/3). Let z be 114/a + 34/(-187). Let s = z - -13. Calculate the remainder when s is divided by 5.
3
Let x = -43402 + 45124. What is the remainder when x is divided by 199?
130
Suppose -4*r + 4*q + 10644 = 0, -269*r + 268*r = -2*q - 2665. Calculate the remainder when r is divided by 29.
18
Let q(c) = 3*c - 1. Let